ivative of -n**5/20 - 17*n**4/12 + n**3 + 7*n**2/2 - 5*n. Suppose -74 = 3*q - f + 5*f, -4*f = 20. Is a(q) composite?
False
Let r(m) = 39*m**2 - 17*m + 16. Let i be r(-11). Suppose 3*k = 259 + i. Is k a composite number?
True
Let y be (-1 + 6 + -2)/(7/4718). Suppose -w + 1012 = -3*t, -y = -2*w - 0*t + 5*t. Suppose 5*g - 2689 = w. Is g a composite number?
False
Let v(r) = 41*r**2 + 2*r + 26. Let y(u) = 2*u**2 + 25*u - 8. Let g be y(-13). Is v(g) composite?
False
Suppose -20*v = 10 - 90. Is 3410/v + (-30)/20 a prime number?
False
Let m(k) = -18 - 15*k - 4*k**2 - 18 + 13*k**2 + 7*k + 8. Is m(-5) a composite number?
True
Let i = -43845 + 91918. Is i a composite number?
False
Let q be (-4)/(-22) + (-93)/(-33). Let d be 3 + -2234*(-4)/(-24)*q. Let k = d - -2277. Is k a prime number?
True
Suppose 3*h + k = -k - 12799, -4 = 2*k. Let j = -7642 - h. Is (j/22)/(2/(-4)) prime?
True
Suppose -2*m = -z - 35558, 0 = -3*m + 224*z - 226*z + 53323. Is m prime?
False
Suppose 0 = 11*z - 15*z + 8. Suppose z*w = 7846 - 272. Is w composite?
True
Let q be (-4)/(-8) - 122/4. Let b be q/(-9)*(7 + 755). Suppose 0 = -v + 5*v - b. Is v composite?
True
Suppose j + 4*n + 11537 = 0, 12*j = 8*j + 2*n - 46184. Let m = -8192 - j. Is m a composite number?
True
Let p be (-224)/(-14) + -1*(-2 - -3). Suppose -p*v + 2608 = v. Is v a composite number?
False
Let i(b) = -b**3 + 6*b**2 + 17*b - 93. Let r be i(5). Suppose -5*m = -r*m + 49272. Is m composite?
True
Let q = -5626 - -8182. Let p(x) = 94*x**3 + 5*x + 7. Let d be p(-2). Let z = d + q. Is z a prime number?
True
Is (-325780)/(-32) + (-21)/8 + 3 prime?
True
Suppose 42 = 3*j + 11*j. Is ((61713/(-12))/j)/(11/(-44)) prime?
True
Let i = 16 + -9. Suppose g + i = 3*g - 3*d, -2*g - 5*d = 1. Suppose 0 = 2*y - g*r - 440, 3*r = -0*y - 5*y + 1076. Is y composite?
True
Let q(c) = 24*c**2 + 11*c + 8. Suppose -26*f = -31*f - 35. Let v be q(f). Suppose 2*a - 5*i = v, -5*a + 10*a - 2680 = -5*i. Is a composite?
False
Let o(x) = 70*x**2 - 31*x. Let i be o(6). Let w = i + -89. Is w composite?
True
Let o(l) = 32*l**3 - 6*l**2 - 195*l + 11. Let m(g) = 15*g**3 - 3*g**2 - 98*g + 5. Let y(c) = -13*m(c) + 6*o(c). Is y(-13) composite?
True
Let y = 18884 + 647. Is y a prime number?
True
Let x(v) = -6*v + 48. Let f be x(8). Let s be 0*1*(-1 + f). Suppose s = 13*m - 7*m - 462. Is m a composite number?
True
Suppose 0 = m + 3*r - r + 14, 5*m + 56 = -3*r. Is ((-15)/m)/((-6)/(-11156)) a prime number?
True
Suppose 1544*l - 1539*l - 109885 = 0. Is l a composite number?
False
Let b(a) = 510*a**2 - 140*a + 1083. Is b(8) a composite number?
False
Let l be 0/((0 - -2)/(1 - 3)). Suppose 0 = 2*z - 5*p + 620, 2*z + l*p = -5*p - 620. Let c = z + 1481. Is c composite?
False
Let a be (2 + 2 - -2) + 2. Let t = 5 + a. Suppose 3765 = 18*q - t*q. Is q a prime number?
False
Is (-5)/6 + 12 + (-3872407)/(-66) + -18 composite?
True
Suppose -4*h + 1647630 = d, -4*d + 2059521 = h + 4*h. Is h composite?
True
Suppose -6*b + 1602 + 570 = 0. Suppose b*p + 24116 = 366*p. Is p composite?
False
Suppose -227 = -7*o - v, 4*o + 5*v - 46 = 2*o. Suppose 267897 = o*h - 192090. Is h a prime number?
False
Let i(s) = -62*s - 43*s - 145*s + 41. Is i(-15) a prime number?
False
Let r be (1 - -11)/((-15)/22600*-5). Let v = -2475 + r. Is v a composite number?
True
Let h = -634206 + 1302623. Is h a composite number?
False
Let a(f) be the first derivative of 8*f**4 + f**3 - 5*f**2/2 + 5*f - 23. Is a(2) a prime number?
True
Suppose -3*h + 2*g = -622, -g + 3 - 8 = 0. Suppose 5*k = -h + 2289. Suppose 0 = 4*r + 4*b - 1656, 4*b = -3*r + 2*r + k. Is r a prime number?
False
Let r = 3819 + 7167. Suppose 3*m = -3*p + r, 0 = -7*p + 12*p - 2*m - 18289. Is p a prime number?
True
Suppose -106*n + 17371287 = -36*n - 43*n. Is n a composite number?
True
Suppose -135 = -0*j - 3*j. Let p = -43 + j. Suppose -5*a + 71 + 169 = 5*f, p*f - 255 = -5*a. Is a prime?
True
Suppose -336098 = -8*r + 229878. Is r a prime number?
False
Let t(k) = -243*k + 95. Let r = -299 + 287. Is t(r) composite?
False
Suppose -5*n + 9344 = -4221. Let r = n + -1394. Is r prime?
True
Let h(o) = 30*o**3 + 14*o**2 - 35*o + 15. Is h(8) a composite number?
False
Suppose -3490*x + 3451*x = -5969301. Is x prime?
True
Suppose 1638*b - 1643*b + 3*t = -226675, 2*b - 90686 = -2*t. Is b prime?
False
Suppose 0 = 2*m - 5*z, -2*m - 3*z + 8 = -4*z. Suppose 0 = -m*x + l + 3495, -4*x + l + 3044 = 248. Is x composite?
True
Let m(j) = -351*j - 292. Is m(-31) composite?
False
Is ((-177)/6 - -31)*1416364/6 a composite number?
False
Let s(j) be the second derivative of 6*j - 67/2*j**2 + 5*j**3 + 0. Is s(23) composite?
True
Suppose -2*n = -5*t + 2, -3*n = 5*t - 25 + 3. Suppose 4*d - 16 = 0, -8*r - t*d = -7*r - 3267. Is r a prime number?
True
Suppose 4*i + 46 = -22. Let z(d) = -189*d + 60. Is z(i) a composite number?
True
Let v(h) be the second derivative of -h**3/6 + h**2/2 + 15*h. Let y be v(-3). Suppose -2*l + 4*r = -46, 0*r = -y*l + 4*r + 88. Is l prime?
False
Let u = 2879 - -510. Suppose 0 = -2*n + g + 1353, n + 4*g = -4*n + u. Is n a prime number?
True
Let g = -386 - -919. Suppose -g = -o + 316. Suppose 0 = 3*w - o + 144. Is w composite?
True
Let z(o) = o**2 - 22*o + 26. Let m be z(21). Let g be (0 - -1032)/6*m/4. Let i = 132 + g. Is i a composite number?
False
Let w = 74 + -72. Suppose 0 = -5*t - w*t + 42. Suppose 0 = -k + t*r - 4*r + 1821, 4 = 4*r. Is k prime?
True
Suppose -4*j = -2*s + 7752, 1938 = 2*j - 3*j - 2*s. Let x = j - -5905. Is x prime?
True
Suppose 2*a - 1 = 7. Let m(c) = -3*c**3 + 2*c**3 - 2*c**2 - 7*c - a*c - 9 - 3*c**2. Is m(-7) a composite number?
True
Let d be (1 - 1)/(-7 + 6) - -2. Suppose a + 4*g + 6 = 3*g, 18 = -a + d*g. Let s(c) = 3*c**2 - c + 1. Is s(a) a prime number?
True
Suppose -7278*t + 7290*t - 3090660 = 0. Is t a prime number?
False
Let k = 52975 + -32382. Is k prime?
True
Let q = 38 - 33. Suppose q*v + 2*p = p - 20, 0 = 2*p. Is (v + 3 + 2)*1937 a prime number?
False
Let l = -26612 + 61975. Is l composite?
False
Let j = -249 + 269. Suppose 15*v + 4739 = d + 17*v, -4*v + j = 0. Is d a prime number?
True
Suppose -54 = -4*g - p, -5*g = -p + 4*p - 64. Suppose -57334 + 263988 = g*x. Is x prime?
False
Is -1*((-32832336)/180 + 15 - 4/30) a composite number?
False
Let l = 274316 - -233701. Is l composite?
True
Suppose 162 = -8*o + 178. Suppose -24528 = -o*r + f, -4*r - 3*f + 36774 = -r. Is r a composite number?
True
Suppose 0 = 20*z - 669739 - 3585801. Is z a prime number?
True
Let p(d) = 3988*d**2 + 15*d - 156. Is p(-11) a composite number?
False
Suppose 8*j - 3*j - 4*h - 4 = 0, 5*j - 2*h = 2. Suppose j = -10*a + 13323 + 11527. Is -26 + a - (0 + 0) prime?
True
Let h(p) = -p**3 + 9*p**2 - 7*p + 10. Let j be h(7). Let o = -57 + j. Let t(g) = 1248*g**2 + g - 7. Is t(o) a prime number?
True
Suppose 8*p - 4*p = 0. Suppose -2*d + 7249 = 9*d. Suppose -3*u - 3*x + x + 1977 = p, -u = x - d. Is u composite?
False
Let h be 5/(25/15)*1. Suppose 321 = -h*n + 2823. Is 0 + (n - -3) + (-2)/(-1) a composite number?
False
Let o(i) = 33*i**2 - 6*i - 31. Let a(m) = -m**3 - 19*m**2 - 18*m - 8. Let h be a(-18). Is o(h) prime?
True
Suppose -113*x - 2661758 + 4550708 = -4112819. Is x composite?
False
Let p(r) = 9*r**3 - 3*r**2 - r + 4. Let m(y) = 2*y + 17. Let l be m(-6). Let s be p(l). Suppose 2*a - s = -223. Is a composite?
True
Let h be 4/32*(263 - 15). Let u(a) = -a**3 + 34*a**2 - 75*a - 31. Is u(h) a composite number?
True
Suppose -2*l - 8 = -0*o - 4*o, 4*o - 8 = l. Is 3027/((-7)/o*2/(-7)) a composite number?
True
Suppose 3*c - 5*d = 9742, 0 = -2*c + 2*d + 10273 - 3785. Suppose 3*u - 6*u + g = -c, -4*u + 2*g + 4316 = 0. Is u composite?
True
Let s = 32 + -40. Let r be s/16 - ((-2)/(-4))/(-1). Is r/(-26) - -1*(0 - -2217) composite?
True
Let b be (-50)/(-15)*24/5. Suppose -5*g = -g - b, 145 = h - 5*g. Let q = h + 86. Is q composite?
False
Let x be 2 - 27/9*4/3. Let b(n) = -77*n**3 - n**2 + 4*n + 8. Let s be b(x). Suppose 2342 = 2*v + s. Is v a composite number?
True
Suppose -4*b + 4*u + 8 = -8*b, -b = 5*u + 18. Suppose 0 = -s + p, 6 = 3*s - p + b. Is (s + 125)/(-3 - -4) a composite number?
False
Suppose -35 = 21*a - 140. Suppose -4*y + a*o = -28051, -4*o - 35057 = 51*y - 56*y. Is y composite?
True
Suppose -4*h + 3*i + 2 = -98, 5*h - 114 = i. Suppose -h*y + 421671 = -2